7690 and 490?
70
Calculate the greatest common divisor of 1162585 and 785.
785
What is the highest common factor of 504 and 152040?
168
Calculate the highest common factor of 42 and 44487.
3
Calculate the highest common divisor of 601001 and 459.
17
What is the highest common divisor of 18 and 32229?
9
Calculate the highest common factor of 970 and 122410.
10
Calculate the greatest common divisor of 656 and 599994.
82
Calculate the greatest common factor of 2329095 and 471.
471
What is the highest common divisor of 536 and 2784?
8
What is the highest common divisor of 23 and 43033?
23
What is the highest common factor of 364 and 8580?
52
Calculate the highest common factor of 1500 and 6540.
60
Calculate the greatest common divisor of 7835165 and 745.
745
Calculate the highest common divisor of 897458 and 334.
334
Calculate the greatest common divisor of 1904 and 13776.
112
What is the greatest common divisor of 215 and 60845?
215
Calculate the highest common divisor of 242438 and 42.
14
Calculate the highest common factor of 52 and 25103.
13
Calculate the greatest common factor of 3708 and 13287.
309
Calculate the greatest common factor of 77561 and 1282.
641
What is the highest common factor of 19502 and 1194?
398
Calculate the greatest common factor of 41779 and 82.
41
Calculate the greatest common divisor of 2960 and 51430.
370
What is the greatest common divisor of 884 and 214540?
68
Calculate the highest common divisor of 214701 and 77632.
1213
What is the highest common factor of 1951349 and 97?
97
What is the highest common factor of 208 and 278192?
16
Calculate the greatest common factor of 1835610 and 35.
35
What is the greatest common divisor of 83106 and 114?
114
What is the greatest common factor of 780 and 47710?
130
What is the highest common divisor of 297 and 982971?
99
Calculate the greatest common factor of 160 and 1023080.
40
What is the highest common divisor of 408435 and 375?
15
What is the greatest common divisor of 1392532 and 296?
148
What is the highest common divisor of 118012 and 62264?
724
What is the greatest common divisor of 327807 and 8307?
639
Calculate the greatest common divisor of 336 and 1508304.
336
What is the highest common divisor of 4 and 10154?
2
Calculate the highest common divisor of 232 and 43703.
29
What is the highest common divisor of 8 and 705?
1
Calculate the greatest common divisor of 2806 and 1098.
122
What is the greatest common divisor of 185428 and 151?
151
What is the highest common factor of 3234 and 16500?
66
What is the greatest common factor of 15256 and 72?
8
What is the highest common factor of 523600 and 7568?
176
What is the highest common divisor of 57 and 502683?
57
What is the greatest common divisor of 245960 and 49880?
1720
What is the greatest common factor of 1837422 and 18?
18
What is the highest common factor of 19604 and 668044?
1508
What is the highest common factor of 348 and 248588?
116
Calculate the highest common factor of 6 and 1098.
6
What is the greatest common factor of 55012 and 3196?
68
What is the highest common divisor of 320 and 67584?
64
What is the greatest common divisor of 114 and 567758?
38
What is the greatest common factor of 3569 and 153633?
83
Calculate the greatest common divisor of 42 and 517209.
21
What is the greatest common divisor of 1173504 and 1719?
573
Calculate the greatest common factor of 1564 and 6164.
92
What is the highest common divisor of 24 and 9957?
3
What is the greatest common factor of 136 and 1479488?
8
Calculate the highest common factor of 769083 and 318.
159
What is the greatest common factor of 112312 and 26688?
1112
What is the greatest common factor of 53152 and 256?
32
What is the greatest common factor of 489 and 2089171?
163
Calculate the greatest common divisor of 485 and 30830.
5
Calculate the greatest common factor of 386505 and 108.
27
Calculate the greatest common factor of 713 and 14229.
31
Calculate the greatest common factor of 18 and 454275.
9
Calculate the highest common divisor of 438 and 163082.
146
Calculate the greatest common factor of 4774 and 224719.
341
Calculate the highest common divisor of 448539 and 10416.
651
Calculate the highest common factor of 18425 and 74437.
737
Calculate the highest common divisor of 240 and 170070.
30
Calculate the greatest common factor of 63 and 16009.
7
What is the greatest common divisor of 2822 and 6086?
34
What is the highest common factor of 2607 and 297?
33
What is the greatest common divisor of 191010 and 20?
10
What is the highest common divisor of 3133 and 2561?
13
Calculate the highest common divisor of 1375 and 449900.
275
What is the highest common divisor of 304 and 1136?
16
What is the greatest common factor of 452 and 28363?
113
What is the greatest common divisor of 38736 and 222194?
538
What is the greatest common factor of 272623 and 6097?
871
Calculate the greatest common factor of 398 and 5893982.
398
Calculate the greatest common divisor of 4557 and 8277.
93
Calculate the highest common divisor of 1677 and 2827981.
559
What is the highest common divisor of 3451 and 4263?
203
Calculate the highest common factor of 156 and 73398.
78
Calculate the greatest common factor of 2009 and 2829.
41
What is the highest common factor of 488 and 51362?
122
Calculate the greatest common factor of 3066822 and 55.
11
What is the highest common divisor of 1575854 and 2387?
217
Calculate the highest common factor of 75 and 237495.
15
What is the highest common factor of 469 and 7?
7
What is the highest common divisor of 16 and 12944?
16
Calculate the highest common factor of 202750 and 47038.
1622
What is the highest common divisor of 5 and 923045?
5
What is the greatest common factor of 74118 and 902?
22
Calculate the greatest common divisor of 2920 and 659336.
584
Calculate the highest common divisor of 895 and 125.
5
What is the highest common factor of 56 and 40224?
8
What is the greatest common factor of 80533 and 1972?
29
What is the greatest common divisor of 64 and 735656?
8
What is the greatest common divisor of 141024 and 23088?
624
What is the highest common divisor of 52 and 20837596?
52
Calculate the greatest common factor of 348 and 224.
4
What is the greatest common factor of 65720 and 4495?
155
Calculate the greatest common factor of 71254 and 138.
46
What is the highest common divisor of 2578 and 2?
2
Calculate the greatest common divisor of 57566 and 214.
214
What is the greatest common factor of 2845297 and 182?
91
Calculate the greatest common factor of 2197 and 9529.
13
What is the greatest common factor of 1730 and 369874?
346
Calculate the greatest common factor of 81664 and 2464.
352
Calculate the highest common divisor of 115 and 235520.
115
What is the highest common divisor of 5 and 11905?
5
What is the greatest common divisor of 120337 and 413?
7
What is the highest common divisor of 110541 and 3?
3
What is the highest common divisor of 10740 and 2940?
60
Calculate the greatest common factor of 1007 and 3496.
19
Calculate the highest common divisor of 580 and 1660.
20
What is the highest common divisor of 4579 and 4097?
241
Calculate the greatest common divisor of 91380 and 2172.
12
Calculate the highest common factor of 943954 and 15301.
1177
Calculate the highest common factor of 288 and 272088.
72
Calculate the highest common factor of 12345 and 634533.
2469
What is the greatest common divisor of 404409 and 23?
23
What is the greatest common factor of 4220 and 51484?
844
Calculate the highest common divisor of 238482 and 18.
18
What is the highest common divisor of 7696 and 2849?
37
Calculate the greatest common divisor of 36 and 1544.
4
Calculate the greatest common divisor of 1430427 and 471.
471
Calculate the greatest common divisor of 3474 and 18.
18
Calculate the highest common divisor of 1469 and 96109.
13
What is the highest common factor of 620 and 3096404?
124
What is the greatest common factor of 1199961 and 147?
147
What is the greatest common divisor of 2700 and 2240?
20
Calculate the greatest common factor of 6925 and 25.
25
Calculate the highest common factor of 1414543 and 233.
233
What is the highest common factor of 2304 and 22784?
256
Calculate the highest common divisor of 400 and 344560.
80
What is the highes